-3)?
-67
Let p(s) = -s - 64. Give p(-3).
-61
Let g(d) = 2*d**2 - 46*d - 137. Determine g(-3).
19
Let n(i) = i**3 - 7*i**2 + 21*i - 11. What is n(2)?
11
Let y(g) = g**3 - 8*g**2 - 11*g + 6. What is y(9)?
-12
Let w(z) = 24*z**3 + 2*z**2 - 2*z + 1. Give w(1).
25
Let g(l) = l**3 + 5*l**2 - 7*l - 3. Calculate g(-6).
3
Let k(i) = 2*i**2 + 10*i + 12. Calculate k(-7).
40
Let f(z) = z**2 + 28*z + 195. What is f(-13)?
0
Let v(w) = -5*w**2 + 2*w + 4. Calculate v(4).
-68
Let g(y) = -38*y - 20. Determine g(2).
-96
Let u(t) = t**3 - 9*t**2 + 3*t - 11. Determine u(9).
16
Let d(m) = 2*m**2 + 30*m - 40. What is d(-17)?
28
Let t(f) = f**3 - 14*f**2 + 13*f + 1. Calculate t(13).
1
Let w(b) = 3*b**3 + 2*b**2 - 2. Determine w(2).
30
Let v(i) = -i - 1. Calculate v(-15).
14
Let d(q) = q**3 + 13*q**2 + 10*q - 15. What is d(-12)?
9
Let u(l) = 13*l + 4. Give u(-9).
-113
Let x(s) = 2*s + 9. Give x(8).
25
Let s(f) = -10*f - 3. Determine s(1).
-13
Let m(v) = -v**3 - 3*v**2 + 3*v - 2. Give m(-3).
-11
Let v(p) = -p**3 - 9*p**2 - 7*p - 1. Calculate v(-7).
-50
Let p(n) = n**3 - 6*n**2 - 7*n + 3. Determine p(8).
75
Let k(x) = -x**2 - 9*x + 7. Determine k(-9).
7
Let k(j) = j**3 - 7*j**2 - 7*j + 11. What is k(8)?
19
Let r(j) = j - 5. Calculate r(7).
2
Let a(l) = l**3 + 8*l**2 - 7. Give a(-8).
-7
Let s(f) = 6*f. Calculate s(-6).
-36
Let t(h) = h**2 + 37*h + 183. Calculate t(-6).
-3
Let u(i) = i**2 + 8*i + 10. Give u(-8).
10
Let f(h) = 32*h**3 - h**2 - 3*h - 2. Give f(-1).
-32
Let q(c) = c**3 - 5*c**2 - 3. Give q(4).
-19
Let v(g) = 15*g + 22. Calculate v(-3).
-23
Let a(g) = -g - 25. Calculate a(0).
-25
Let d(q) = 8*q + 97. Give d(-12).
1
Let r(l) = -l**2 + 7*l - 11. Determine r(6).
-5
Let y(s) = -s**3 + 3*s**2 + 6*s - 7. Calculate y(4).
1
Let k(g) = -g**3 - 20*g**2 - 34*g + 31. Give k(-18).
-5
Let i(n) = -8*n - 27. Give i(-5).
13
Let l(q) = -q**3 - 12*q**2 + 12*q - 10. What is l(-13)?
3
Let m(p) = p**3 - 3*p + 1. Determine m(5).
111
Let p(g) = -2*g + 34. What is p(14)?
6
Let x(i) = i**3 - 10*i**2 + 4. Calculate x(10).
4
Let j(o) = -o**2 - 2*o - 18. Determine j(-3).
-21
Let n(q) = q**3 + 3*q**2 - 11*q - 9. Give n(-5).
-4
Let s(q) = q**3 + q**2 + 2*q - 31. What is s(0)?
-31
Let g(u) = u**2 + 103*u + 1593. Determine g(-84).
-3
Let v(c) = c**2 - 12*c + 16. Give v(7).
-19
Let k(p) = -p + 6. What is k(5)?
1
Let z(g) = -g**2 - 11*g + 21. What is z(-12)?
9
Let m(w) = 2*w**3 - 5*w**2 - 9*w + 7. Give m(3).
-11
Let y(h) = -h**2 + 10*h - 14. Give y(11).
-25
Let y(u) = 16*u + 2. Determine y(2).
34
Let o(w) = 10*w - 178. What is o(19)?
12
Let z(s) = 6*s**3 - 2*s**2 - 2*s - 1. Determine z(-1).
-7
Let y(r) = -46*r + 274. Determine y(6).
-2
Let h(i) = 3*i**2 + 11*i + 9. Calculate h(-4).
13
Let j(z) = -2*z**2 + 34*z + 9. Calculate j(18).
-27
Let j(g) = 2*g**3 - 11*g**2 + 7*g + 2. Calculate j(5).
12
Let g(c) = 15*c - 9. Give g(5).
66
Let d(m) = 8*m + 94. What is d(-13)?
-10
Let t(a) = -a**3 - 5*a**2 + 6*a + 5. Give t(-6).
5
Let q(f) = f**2 - 8*f - 5. Calculate q(9).
4
Let s(d) = -d**2 - 6*d - 60. Give s(0).
-60
Let o(i) = -i + 6. Determine o(0).
6
Let t(g) = -g**3 + g**2 + 18*g + 29. Give t(-2).
5
Let u(k) = -2*k - 1. What is u(-2)?
3
Let x(j) = -5*j + 9. What is x(3)?
-6
Let p(t) = 2*t**2 - 163*t + 402. Give p(79).
7
Let b(p) = -p**2 - 7*p - 2. Give b(-5).
8
Let y(n) = 2*n. Determine y(-2).
-4
Let n(i) = -i**3 - 8*i**2 - 6*i - 1. Determine n(-3).
-28
Let p(j) = -j**2 - 12*j - 14. Determine p(-12).
-14
Let v(j) = -j**3 + j**2 + 9*j - 6. Calculate v(4).
-18
Let x(n) = 30*n**2 - n. Determine x(1).
29
Let b(u) = u**2 - 70. Give b(9).
11
Let u(m) = -m**2 + 10*m - 4. What is u(12)?
-28
Let o(x) = -3*x**3 + 6*x**2 + 6*x + 1. Give o(-3).
118
Let y(m) = m**3 - 11*m**2 - 25*m + 8. Calculate y(13).
21
Let x(a) = 13*a**2 - a + 3. Calculate x(3).
117
Let l(q) = -q + 22. What is l(15)?
7
Let k(h) = h**3 - 4*h**2 - 8*h + 9. What is k(4)?
-23
Let d(b) = b**3 - 4*b - 5. Calculate d(0).
-5
Let q(u) = -9*u + 23. Determine q(5).
-22
Let w(d) = 2*d - 2. Give w(-5).
-12
Let s(l) = -l**3 - 7*l**2 + 7*l - 11. Calculate s(-8).
-3
Let c(u) = -u**2 - 17*u - 49. Determine c(-5).
11
Let r(c) = c**3 + 5*c**2 + 4*c + 8. What is r(-4)?
8
Let o(k) = 12*k + 3. Calculate o(-6).
-69
Let z(y) = -y**3 + 14*y**2 - 2*y + 47. Determine z(14).
19
Let p(w) = w**3 - w**2 - w - 7. Give p(0).
-7
Let f(b) = 15*b - 4. Give f(-3).
-49
Let j(y) = -y**2 + 7*y + 20. Give j(10).
-10
Let o(q) = -3*q**3 - 2*q**2 + 5*q - 2. Determine o(-3).
46
Let h(o) = -o**2 + 25*o + 29. Give h(25).
29
Let u(h) = 4*h**2 + 2*h. Determine u(-1).
2
Let x(o) = o**2 - 16*o + 23. Determine x(14).
-5
Let c(i) = 14*i + 117. Give c(-7).
19
Let n(r) = -r**3 + 7*r**2 + 13*r - 28. Calculate n(8).
12
Let c(u) = u**3 - u**2 + u + 43. What is c(0)?
43
Let i(y) = -9*y**2 - 2*y + 1. Give i(1).
-10
Let o(a) = -a**3 - 10*a**2 + 12*a + 14. Give o(-11).
3
Let t(h) = -h**3 + 5*h**2 + 6*h - 15. Give t(6).
-15
Let q(t) = 8*t + 10. Determine q(5).
50
Let f(p) = 3*p**3 - 22*p**2 + 7*p + 3. What is f(7)?
3
Let z(u) = -u**2 - u. Give z(-2).
-2
Let h(w) = w**3 - 20*w**2 + 37*w - 5. Calculate h(18).
13
Let i(j) = j**2 + 3*j - 9. Calculate i(-4).
-5
Let x(j) = 22*j + 39. Give x(-2).
-5
Let h(w) = w**2 - 10*w - 9. Determine h(11).
2
Let v(m) = m**2 - 12*m + 23. Give v(10).
3
Let x(t) = t**2 - 26*t - 61. Determine x(28).
-5
Let x(a) = -a**3 - 7*a**2 + 14*a + 26. Calculate x(-8).
-22
Let c(q) = -q**3 + 7*q**2 + 5*q. What is c(7)?
35
Let z(a) = -96*a + 571. Calculate z(6).
-5
Let c(o) = -o**2 + 10*o + 12. Determine c(12).
-12
Let p(q) = 5*q**2 + 2*q + 2. Give p(3).
53
Let b(z) = -3*z**3 + 4*z**2 - 2*z + 2. What is b(3)?
-49
Let i(h) = -h**2 + 6*h - 1. What is i(-5)?
-56
Let l(u) = -3*u**2 + 6*u + 4. Determine l(-2).
-20
Let u(t) = t**3 - 5*t**2 + 2*t - 1. Give u(2).
-9
Let h(x) = x**2 - 6*x + 10. What is h(6)?
10
Let m(b) = -2*b**2 - 3*b + 1. Calculate m(-6).
-53
Let y(c) = c**2 + 7*c - 8. Give y(-7).
-8
Let c(l) = -l**3 + 9*l**2 + 10*l - 15. Determine c(10).
-15
Let r(n) = -11*n**2 - 10*n - 6. What is r(-2)?
-30
Let m(g) = -g + 19. What is m(6)?
13
Let w(s) = 3*s**2 - 3*s + 1. What is w(2)?
7
Let j(z) = -9*z + 6. Calculate j(-2).
24
Let l(q) = q**2 + 6*q + 7. What is l(-7)?
14
Let n(x) = x**3 - 20*x**2 + 18*x + 18. Calculate n(19).
-1
Let g(b) = b**3 - 4*b**2 - 6*b - 6. Give g(5).
-11
Let c(l) = -2*l + 25. Give c(18).
-11
Let s(x) = -x**3 + 9*x**2 - 5*x + 49. Determine s(9).
4
Let h(u) = 25*u**3 - u**2 - 3*u + 3. Determine h(1).
24
Let i(f) = -f**2 + 2*f - 4. Determine i(5).
-19
Let s(t) = -12*t + 29. What is s(2)?
5
Let o(r) = -5*r**3 + 2. What is o(1)?
-3
Let i(p) = -p**2 + 7*p. Calculate i(8).
-8
Let k(v) = -21*v - 188. Give k(-9).
1
Let u(m) = -m**3 + 15*m**2 - 22*m - 12. What is u(13)?
40
Let g(p) = -p - 5. Determine g(-7).
2
Let h(i) = 2*i + 4. Give h(-4).
-4
Let n(r) = 4*r**2 - 31*r - 5. What is n(8)?
3
Let u(i) = i**2 + 7*i - 3. Determine u(-4).
-15
Let d(a) = -a**3 - 2*a**2 + 4. Give d(0).
4
Let m(u) = -u**3 + 25*u**2 + 48*u + 155. Calculate m(27).
-7
Let i(h) = -3*h - 26. Determine i(-8).
-2
Let v(u) = u**3 - 9*u**2 + 17*u + 3. What is v(7)?
24
Let u(j) = j**3 + 2. Determine u(0).
2
Let c(g) = -g**2 + 7*g + 17. Determine c(7).
17
Let d(b) = 5*b**2 + 20*b + 4. Determine d(-4).
4
Let u(t) = 12*t**3 + 4*t**2 + 5*t + 1. Calculate u(-2).
-89
Let m(f) = -34*f + 1. Give m(-1).
35
Let u(m) = -8*m**2 + 50*m. Calculate u(6).
12
Let a(x) = -x**2 + 5*x + 8. What is a(-6)?
-58
Let f(i) = -i**3 + i**2 - 3*i - 4. Determine f(-3).
41
Let y(v) = v**3 - 16*v**2 - 2*v + 21. Determine y(16).
-11
Let d(s) = -s**3 + 2*s**2 - 2*s + 11. Give d(5).
-74
Let i(h) = -5*h - 22. Give i(19).
-117
Let w(z) = -z**2 + 7*z - 2. Determine w(5).
8
Let q(z) = 13*z - 9. Give q(3).
30
Let u(g) = 10*g - 11. Determine u(6).
49
Let g(v) = -v**3 - 5*v**2 + v - 12. What is g(-6)?
18
Let a(m) = -2*m**2 + 10*m - 19. Calculate a(2).
-7
Let m(y) = -y**3 - 10*y**2 - 10*y - 15. Give m(-9).
-6
Let s(p) = 21*p**2 - p + 9. Give s(-3).
201
Let i(p) = p**3 + 9*p**2 + 2*p + 5. What is i(-9)?
-13
Let s(n) = n**3 + 10*n**2 - 9*n + 25. What is s(-11)?
3
Let h(g) = -3*g - 3. Give h(-1).
0
Let d(p) = 4*p - 53. Calculate d(11).
-9
Let m(t) = t**3 - 10*t**2 + 10*t - 2. Calculate m(8).
-50
Let g(b) = b**2 - 10*b - 9. Give g(11).
2
Let m(w) = 3*w - 14.